er when 1287613 is divided by 5410.
33
Calculate the remainder when 5314 is divided by 3420.
1894
What is the remainder when 265336 is divided by 88331?
343
What is the remainder when 231433 is divided by 2598?
211
What is the remainder when 49483457 is divided by 773179?
1
What is the remainder when 28701 is divided by 3362?
1805
What is the remainder when 72165 is divided by 5538?
171
Calculate the remainder when 2142030 is divided by 158.
24
What is the remainder when 31103 is divided by 6573?
4811
What is the remainder when 21756288 is divided by 54664?
16
Calculate the remainder when 1789575 is divided by 198841.
6
Calculate the remainder when 190769 is divided by 3891.
110
Calculate the remainder when 1102635301 is divided by 1013.
1009
What is the remainder when 1934700 is divided by 2710?
2470
Calculate the remainder when 29602 is divided by 9853.
43
What is the remainder when 7710824 is divided by 1542159?
29
Calculate the remainder when 3663013 is divided by 3662905.
108
What is the remainder when 9430469 is divided by 12?
5
What is the remainder when 370749 is divided by 7615?
5229
Calculate the remainder when 15596200 is divided by 1905.
1870
What is the remainder when 136406130 is divided by 24?
18
Calculate the remainder when 144095 is divided by 47834.
593
Calculate the remainder when 6804148 is divided by 91.
78
What is the remainder when 54544 is divided by 809?
341
What is the remainder when 409018 is divided by 50890?
1898
What is the remainder when 429123 is divided by 1710?
1623
Calculate the remainder when 58310 is divided by 14495.
330
Calculate the remainder when 7142 is divided by 3604.
3538
What is the remainder when 100726 is divided by 100503?
223
Calculate the remainder when 2373483 is divided by 107862.
519
Calculate the remainder when 12885648 is divided by 15.
3
What is the remainder when 33638176 is divided by 5606361?
10
Calculate the remainder when 1012406 is divided by 111.
86
What is the remainder when 13607867 is divided by 42792?
11
What is the remainder when 10471739 is divided by 7?
5
Calculate the remainder when 430261 is divided by 19500.
1261
Calculate the remainder when 47229394 is divided by 844.
842
Calculate the remainder when 4142685 is divided by 1449.
1443
What is the remainder when 523087 is divided by 5880?
5647
What is the remainder when 29958311 is divided by 74709?
2
Calculate the remainder when 412553 is divided by 137465.
158
Calculate the remainder when 8539211 is divided by 34294.
5
What is the remainder when 941855 is divided by 974?
971
Calculate the remainder when 82148695 is divided by 41074330.
35
What is the remainder when 91066 is divided by 28786?
4708
What is the remainder when 21357336 is divided by 1256313?
15
What is the remainder when 89149 is divided by 5243?
18
Calculate the remainder when 26472693 is divided by 581.
9
What is the remainder when 43025 is divided by 1725?
1625
Calculate the remainder when 3823515 is divided by 382339.
125
What is the remainder when 225277 is divided by 4265?
3497
Calculate the remainder when 27595777 is divided by 32619.
103
Calculate the remainder when 1162475 is divided by 30591.
17
What is the remainder when 5404515 is divided by 1699?
1695
What is the remainder when 125627 is divided by 41760?
347
What is the remainder when 30085 is divided by 607?
342
Calculate the remainder when 18509 is divided by 1539.
41
Calculate the remainder when 5198 is divided by 2379.
440
Calculate the remainder when 987074 is divided by 107.
106
What is the remainder when 92188561 is divided by 2164?
2161
What is the remainder when 3390585 is divided by 1729?
16
What is the remainder when 25688546 is divided by 9?
8
What is the remainder when 452481 is divided by 3120?
81
What is the remainder when 1775319 is divided by 31?
11
Calculate the remainder when 109259 is divided by 176.
139
Calculate the remainder when 95732621 is divided by 208.
205
What is the remainder when 6864676 is divided by 4472?
156
What is the remainder when 1926908 is divided by 7084?
60
Calculate the remainder when 27498206 is divided by 208.
190
Calculate the remainder when 144015 is divided by 1981.
1383
Calculate the remainder when 54982844 is divided by 4031.
4
Calculate the remainder when 75478 is divided by 3886.
1644
Calculate the remainder when 502944 is divided by 8819.
261
Calculate the remainder when 5079945 is divided by 59.
45
Calculate the remainder when 64826214 is divided by 814.
68
What is the remainder when 7829503 is divided by 3914744?
15
What is the remainder when 170339 is divided by 26?
13
What is the remainder when 985668 is divided by 4323?
24
What is the remainder when 7102484 is divided by 191959?
1
Calculate the remainder when 609080 is divided by 40605.
5
What is the remainder when 64529 is divided by 666?
593
What is the remainder when 1182264 is divided by 496?
296
Calculate the remainder when 77731576 is divided by 38865787.
2
What is the remainder when 23774372 is divided by 1270?
1242
Calculate the remainder when 12683685 is divided by 243917.
1
What is the remainder when 145314 is divided by 7?
1
What is the remainder when 1991892 is divided by 1707?
1530
What is the remainder when 4142389 is divided by 460264?
13
What is the remainder when 35401537 is divided by 3493?
3475
Calculate the remainder when 14686150 is divided by 808.
750
Calculate the remainder when 34012735 is divided by 75.
10
What is the remainder when 576921 is divided by 359?
8
Calculate the remainder when 148293731 is divided by 1490.
1481
Calculate the remainder when 5367729 is divided by 38.
1
What is the remainder when 9572848 is divided by 2332?
2320
Calculate the remainder when 5533164 is divided by 44.
32
Calculate the remainder when 11213717 is divided by 9376.
21
What is the remainder when 120184 is divided by 965?
524
What is the remainder when 89869 is divided by 60?
49
Calculate the remainder when 7612390 is divided by 1087445.
275
What is the remainder when 60190 is divided by 6681?
61
Calculate the remainder when 36650882 is divided by 82547.
14
Calculate the remainder when 24282413 is divided by 958.
945
Calculate the remainder when 205380 is divided by 18654.
186
What is the remainder when 437174 is divided by 87412?
114
Calculate the remainder when 1771024 is divided by 85.
49
What is the remainder when 7006439 is divided by 140?
139
What is the remainder when 1724656 is divided by 184?
24
Calculate the remainder when 1486246 is divided by 113.
70
What is the remainder when 531677 is divided by 59073?
20
Calculate the remainder when 13484 is divided by 357.
275
What is the remainder when 785646 is divided by 3492?
3438
Calculate the remainder when 261385 is divided by 86923.
616
Calculate the remainder when 1980779 is divided by 660258.
5
What is the remainder when 1208644 is divided by 63?
52
Calculate the remainder when 81070375 is divided by 108.
67
Calculate the remainder when 91868902 is divided by 91868886.
16
What is the remainder when 1315147 is divided by 723?
10
What is the remainder when 20267445 is divided by 38?
31
What is the remainder when 11657147 is divided by 5828562?
23
Calculate the remainder when 365197796 is divided by 10.
6
Calculate the remainder when 1061576 is divided by 4719.
4520
Calculate the remainder when 121958 is divided by 7469.
2454
Calculate the remainder when 10342828 is divided by 3.
1
What is the remainder when 626414 is divided by 121?
118
What is the remainder when 549872 is divided by 1478?
56
What is the remainder when 52890041 is divided by 39?
35
Calculate the remainder when 65734317 is divided by 644454.
9
Calculate the remainder when 486635 is divided by 53984.
779
What is the remainder when 30555365 is divided by 30555365?
0
Calculate the remainder when 13931 is divided by 8446.
5485
Calculate the remainder when 99260532 is divided by 863.
861
What is the remainder when 30686977 is divided by 95?
77
Calculate the remainder when 640404 is divided by 5223.
3198
What is the remainder when 33303736 is divided by 216?
208
What is the remainder when 263138 is divided by 9391?
190
Calculate the remainder when 55054135 is divided by 13340.
13295
Calculate the remainder when 2838701 is divided by 83480.
381
What is the r